 455 and p?
13
Suppose 0 = 5*y - 625 - 1035. Suppose 4*m - 204 = y. What is the greatest common divisor of m and 201?
67
Suppose -9*z + 15 = -8*z. Let g(x) = x**2 + 5*x + 4. Let p be g(-7). Let d = p - z. Calculate the greatest common divisor of d and 33.
3
Suppose -79*j + 1 = -50*j - 86. What is the highest common factor of 4677 and j?
3
Let a be ((-4)/(-8))/(-3 - (-94)/32). Let w(s) = s**3 + 3*s**2 - 3*s + 1. Let l be w(-3). Let c = a + l. Calculate the highest common factor of 4 and c.
2
Suppose 1159 = -25*y + 3384. Calculate the greatest common factor of 2848 and y.
89
Suppose 4*d = 3*d + 5*i - 1, 39 = d + 3*i. Let q be 1 - -4*(-3 + 198/d). Let u(l) = -45*l - 4. Let k be u(-4). Calculate the highest common divisor of q and k.
22
Suppose -z + 345 = 5*q, 2*q - q = z - 321. Suppose z*r + 42 = 328*r. What is the greatest common factor of r and 21?
7
Suppose 4*o + 0*o = -5*w + 805, w - 160 = -o. Suppose 4*a = -9 + w. What is the greatest common factor of 3 and a?
3
Let p = 10 + -148. Let u = p + 201. Suppose -w + 23 = 3*a, -w + 0 = 2*a - 14. What is the greatest common divisor of u and a?
9
Let p be 65*1/(2 - 3). Let f be p/2*24/(-15). Suppose 38*o - 3*l + 11 = 39*o, o - 51 = 5*l. What is the greatest common factor of o and f?
26
Let z = 18218 - 18214. Calculate the greatest common divisor of 158 and z.
2
Let w = -349 + 193. Let m be 21/((w/8)/(-13)). Suppose -5*g = -q + 39, 4*q - 2*g + 0*g - 66 = 0. Calculate the greatest common factor of q and m.
14
Let i(b) = -4*b + 117. Let q be i(18). Suppose -275 = -4*a + q. What is the highest common divisor of 5 and a?
5
Let j = 35373 - 33653. What is the greatest common factor of 320 and j?
40
Let y be 9705/9 - (-47)/(-141). What is the highest common divisor of 196 and y?
98
Let o(f) = f**3 - 6*f**2 - 129*f - 15. Let k be o(18). Calculate the greatest common factor of k and 88.
11
Let s be -2*(-3)/18*18. Suppose -4*l - 3*v = -23, 4*v + s = 4*l - 38. Let b be 4/(-14) + 444*l/84. Calculate the greatest common factor of 6 and b.
6
Let f(k) = 2*k**2 + 4*k + 3. Let j be f(6). Suppose -1010*x + 323*x = -297*x + 1480*x - 61710. What is the highest common divisor of j and x?
33
Let c be -3*7/21 + 4. Suppose -3*k + 5*n + 23 + 138 = 0, -c*k = n - 155. What is the highest common factor of 39 and k?
13
Let r be (3/3)/(13/(-4498)). Let l(h) = 17*h**2 + 2*h + 3. Let x be l(-1). Let q be 2/(-9) - r/x. Calculate the greatest common divisor of q and 38.
19
Suppose 6*j + 10*j - 7440 = 0. Let f = -399 + j. What is the greatest common divisor of 165 and f?
33
Let i be ((-15)/6)/((-1)/2). Let l be i/(45/(-12))*-21. Let n(s) = 2*s**2 - 166*s - 5115. Let t be n(107). What is the greatest common factor of t and l?
7
Suppose 4 = -2*n + 12. Let o(g) = -g + n*g + 34 - 46. Let i be o(8). Calculate the greatest common divisor of 108 and i.
12
Suppose -7*c - 5*c - 5544 = 0. Let t be (-2442)/c - (-4)/(-14). Calculate the highest common factor of t and 85.
5
Let t be 3488 + 45/(585/(-182)). What is the greatest common divisor of 2509 and t?
193
Let z = -9441 - -9623. Calculate the greatest common divisor of 70 and z.
14
Suppose -32 - 58 = 15*n. Let k = 4 - n. Let y be 22 - (-1)/(2/(-4)). What is the highest common divisor of y and k?
10
Let g be (40/(-76))/(-5) - (-437700)/570. Calculate the highest common divisor of 60 and g.
12
Let c(h) = 3*h - 61. Let y be c(19). Let r be 63*(y + (-13)/(-3)). Calculate the highest common factor of 21 and r.
21
Suppose 6*a - 605 = -485. What is the highest common factor of 1596 and a?
4
Suppose 4*w - 1544 = -4*w. Let s = 224 - w. What is the highest common factor of 496 and s?
31
Let s be 32/((-5888)/(-17618)) - (-2)/8. Let k = 22 + 10. Calculate the greatest common divisor of k and s.
32
Let v be 0 + ((-25)/(-10) - 1/(-2)). Let r be 66*v*(-5)/(-90). Let k = 212 + -124. Calculate the highest common factor of r and k.
11
Let q = 18875 - 14695. Calculate the greatest common factor of 6080 and q.
380
Let g be (-3)/(-36) + (-189442)/(-1896). What is the highest common divisor of 1975 and g?
25
Suppose 5*t + 3*y - 620 = 125, 0 = -2*t + 2*y + 314. Let o = 876 - 868. What is the highest common factor of o and t?
8
Suppose 49*l = -12*l + 464454. What is the greatest common divisor of l and 810?
162
Suppose -20 = -5*w - 0. Let o be 13/(-91) + (-12)/14. Let n be 23 - (o - 5)/(2 - w). What is the highest common factor of 4 and n?
4
Let p(i) = -135*i + 349. Let g be p(-25). Calculate the highest common factor of g and 196.
196
Suppose 10920 = 12*w + 16*w - 0*w. Calculate the greatest common factor of w and 300.
30
Suppose -472 = -10*x + 178. What is the greatest common factor of 3705 and x?
65
Suppose 3*i + 4*g - 54 = 0, 4*i - 2377 + 2303 = -5*g. What is the highest common factor of 35789 and i?
13
Let j = -541 - -1201. Let x = 716 - j. Calculate the highest common factor of 16 and x.
8
Let i be (-285)/(-2)*(278/180 - 56/(-1008)). Calculate the greatest common divisor of 2128 and i.
76
Let q(x) = 0*x - 8*x + 2*x + 2*x**2 - 11 - 13. Let t be q(9). Let m = -48 + 104. Calculate the greatest common divisor of m and t.
28
Let k = -246 - -257. Suppose 9*t - k*t = s - 965, -5*t + 2375 = -5*s. What is the greatest common divisor of 32 and t?
32
Suppose m + 116 = 2*g, g + 5*m = 2*g - 40. Let h = g + -50. Let r = -32 - -112. Calculate the greatest common factor of h and r.
10
Let h be ((-7)/(-2) - 3)*-6 + 6. Calculate the highest common factor of h and 2415.
3
Let r(q) = 41*q**2 - q + 14. Let l be r(0). Let g(o) = -3*o + 10. Let c be g(5). Let y = c + 7. Calculate the highest common divisor of y and l.
2
Let w be -5*(-5)/150 - 1258/(-12). Let f = w + -95. Suppose 2*s = 26 + 74. Calculate the greatest common divisor of s and f.
10
Suppose 65*z - 58*z + 2674 = 0. Let u = z + 389. What is the greatest common factor of u and 77?
7
Let r = 1708 + -1561. Calculate the greatest common factor of 15 and r.
3
Suppose -408*k - 70 = -422*k. Let o be 1 + (35 - (2 - 5)). Let c = -19 + o. Calculate the greatest common divisor of k and c.
5
Let k(m) = 13*m - 76. Let a be k(6). Suppose 0 = -3*u - 3*c + 48, 2*u + c - 30 = a. What is the greatest common factor of 176 and u?
16
Suppose 3*i + 119 = 956. Suppose -12*d + 1428 = -60. Suppose d = 4*u + 2*y, -3*u + 4*u - 31 = 2*y. Calculate the greatest common factor of i and u.
31
Let j = 9348 + -3498. Suppose 0 = 5*u + 5*u - j. Suppose -3*t = 153 - u. Calculate the greatest common divisor of t and 18.
18
Let i = -76 - -404. Let p = 727 - i. What is the highest common divisor of p and 57?
57
Suppose 10*t - 17214 = 29*t. Let f = t + 1705. What is the highest common factor of f and 17?
17
Suppose 19*k - 33 = 81. Let n be (-12 + k + 0)/(3/(-16)). Calculate the highest common factor of 80 and n.
16
Let p be (-16)/6*42/(-4). Let r = 440 - 160. Let n be ((-36)/15)/((-24)/r). What is the highest common factor of p and n?
28
Let c be (10/(-4))/(3/6) - -14. Let o = c - -12. Calculate the greatest common factor of 3 and o.
3
Let g(o) = -22*o. Let j be g(-1). Let i = 11466 - 11356. What is the greatest common factor of i and j?
22
Suppose k = -3*i + 321 + 130, 0 = 2*i + 2*k - 294. What is the highest common factor of i and 209?
19
Suppose 9985 = 34*x + 7061. What is the greatest common divisor of x and 3139?
43
Suppose 1647 + 1527 = 46*m. Let o = -76 + 260. Calculate the greatest common divisor of m and o.
23
Let x be ((-15)/(-10))/(48/4288). What is the greatest common factor of 7906 and x?
134
Let c be 3/(-15) + (-208)/10. Let z = c - -46. Suppose 0 = -i + 279 - 4. Calculate the greatest common factor of i and z.
25
Let s = -185 - -793. Let w = s - 468. Calculate the highest common factor of w and 5.
5
Suppose 0 = -8*l + 36 - 4. Let k be 0 - (-2)/(l/14). Suppose 2*h - k = 11. Calculate the greatest common divisor of h and 18.
9
Let h be -2 - (-21)/9 - (-22)/6. Suppose -t = -i - h*t + 105, 2*t = -i + 106. Calculate the greatest common divisor of 36 and i.
36
Let r be -1*((-50)/15)/(2/21). Let c = 44 - r. Suppose u = c*u - 168. What is the greatest common divisor of u and 7?
7
Let w = 4846 + -4813. Calculate the greatest common divisor of 143 and w.
11
Suppose 0 = -11*p + 5 + 17. Suppose -t + 2*t + 3*u - 18 = 0, 36 = p*t - 4*u. Calculate the greatest common factor of 20 and t.
2
Let b be 3/(0 + 15/1